umber?
True
Is 9408378757 composite?
True
Is 514790477 prime?
True
Is 1675059101 a prime number?
True
Is 99787049 prime?
False
Is 1266596137 prime?
True
Is 332398153 a prime number?
False
Is 184368781 a prime number?
True
Is 38786972117 composite?
True
Is 10237895587 prime?
True
Is 1286733397 a prime number?
True
Is 1587464015 a prime number?
False
Is 9413381 composite?
False
Is 23259652561 a composite number?
True
Is 1566657133 prime?
True
Is 53999763007 a composite number?
True
Is 215523239 a composite number?
False
Is 3188524363 prime?
True
Is 4992045017 a composite number?
True
Is 31907391371 prime?
False
Is 634776335 a composite number?
True
Is 2793363737 prime?
False
Is 3990416509 a prime number?
False
Is 2304177257 a prime number?
False
Is 3665425823 prime?
False
Is 430191533 a prime number?
True
Is 12760312757 a prime number?
True
Is 59234236379 a composite number?
False
Is 411870257 a composite number?
False
Is 694900487 composite?
False
Is 8313916369 composite?
True
Is 2996633569 composite?
True
Is 57597233 prime?
True
Is 136377859 prime?
False
Is 1008958123 a prime number?
True
Is 18704618183 composite?
False
Is 4806781483 a prime number?
False
Is 1390658627 a composite number?
False
Is 2278622629 a composite number?
True
Is 699434011 a composite number?
False
Is 9005492579 composite?
True
Is 891610859 composite?
False
Is 1923358289 a composite number?
False
Is 259533190463 a composite number?
False
Is 8128865311 a composite number?
True
Is 42319495619 prime?
True
Is 262280381009 a prime number?
False
Is 641093179 a composite number?
True
Is 1248535493 composite?
False
Is 39005441729 prime?
False
Is 1812755159 a composite number?
True
Is 21418355087 prime?
False
Is 60523987427 a prime number?
True
Is 4232842949 prime?
True
Is 994943111 prime?
True
Is 954870407 a composite number?
False
Is 19485948613 prime?
False
Is 1045327187 composite?
False
Is 25414360013 prime?
False
Is 7505561123 a composite number?
False
Is 11172858997 prime?
False
Is 1552574041 a prime number?
False
Is 1485534553 a composite number?
False
Is 9108455509 a prime number?
True
Is 14571398267 a prime number?
True
Is 10413559483 a prime number?
False
Is 106225135859 a prime number?
True
Is 1587908437 a composite number?
False
Is 11084716259 prime?
False
Is 49259809 a prime number?
False
Is 11531036789 prime?
False
Is 3450281293 a prime number?
False
Is 428968927 a prime number?
True
Is 3335854369 prime?
False
Is 6248830619 composite?
True
Is 1036273277 a prime number?
False
Is 130914950141 prime?
True
Is 7027046251 composite?
True
Is 1228536013 a composite number?
True
Is 1268211121 composite?
False
Is 745391921 prime?
True
Is 277091767 a composite number?
False
Is 6605647577 a prime number?
True
Is 726443999 composite?
False
Is 2113785827 a composite number?
False
Is 23113861354 prime?
False
Is 679375637 composite?
False
Is 22820383777 composite?
True
Is 5820451487 prime?
True
Is 22102054483 prime?
False
Is 732913549 prime?
False
Is 22092836617 composite?
False
Is 237309815531 a composite number?
True
Is 29856685 a composite number?
True
Is 1571523661 a composite number?
False
Is 4027030207 a composite number?
True
Is 881136827 composite?
True
Is 2350155202 a composite number?
True
Is 107418161 a prime number?
True
Is 711467879 a composite number?
True
Is 70531543 prime?
True
Is 76693829323 a composite number?
True
Is 59374166281 composite?
False
Is 3058707557 a prime number?
True
Is 4828283539 composite?
True
Is 18587598019 a composite number?
True
Is 613573291 a composite number?
False
Is 28443958481 a prime number?
False
Is 2072924167 composite?
False
Is 163922877931 a composite number?
False
Is 115143459031 prime?
True
Is 36137668415 a composite number?
True
Is 45193522757 composite?
True
Is 567319421 a prime number?
True
Is 22443525119 a prime number?
False
Is 20729392451 prime?
True
Is 55279819709 a composite number?
False
Is 1723411409 a composite number?
False
Is 146315711 a prime number?
True
Is 24323706337 a composite number?
True
Is 14850709777 a composite number?
False
Is 6425720677 composite?
True
Is 48312267659 composite?
False
Is 21797463203 prime?
True
Is 39513889397 prime?
False
Is 1473652751 a composite number?
False
Is 9435446549 prime?
True
Is 11765945197 composite?
True
Is 23726492291 a composite number?
False
Is 21836592577 a composite number?
False
Is 20616822482 composite?
True
Is 3812151901 a composite number?
False
Is 251611190071 prime?
False
Is 37165270747 composite?
True
Is 1641512813 prime?
True
Is 37040072893 composite?
True
Is 695164269 prime?
False
Is 6102672671 a prime number?
False
Is 986731651 a composite number?
True
Is 2013160663 a prime number?
True
Is 13912884823 a prime number?
False
Is 3489515593 a prime number?
True
Is 68325287 prime?
True
Is 2156783569 prime?
False
Is 2312029711 a prime number?
True
Is 502055233 prime?
True
Is 3128798587 a composite number?
True
Is 6753594223 composite?
True
Is 1619066257 a prime number?
True
Is 29042230831 composite?
True
Is 13300155121 a composite number?
True
Is 16767273439 composite?
True
Is 2364113923 composite?
False
Is 89059943 a composite number?
True
Is 899529271 prime?
False
Is 1701367261 composite?
True
Is 161105391701 prime?
True
Is 6809174591 a prime number?
True
Is 2315293109 prime?
True
Is 48963119 a prime number?
False
Is 35225804247 a composite number?
True
Is 53125206917 prime?
True
Is 16229731369 a composite number?
False
Is 658121001 composite?
True
Is 53833522411 composite?
True
Is 5002502935 prime?
False
Is 23899665613 a composite number?
False
Is 13787495927 prime?
True
Is 20961255223 a prime number?
True
Is 2002743019 a composite number?
False
Is 20719028423 prime?
True
Is 7099555987 a prime number?
True
Is 950829643 a composite number?
True
Is 389754571 a prime number?
False
Is 4854817507 a composite number?
False
Is 78525563249 a composite number?
True
Is 312112187881 a composite number?
True
Is 2750512007 composite?
False
Is 689563547 a prime number?
True
Is 9196823113 a composite number?
True
Is 37354227649 a prime number?
True
Is 40371023951 composite?
False
Is 1037540563 composite?
False
Is 589018649 a prime number?
True
Is 6608123663 a composite number?
False
Is 18395217823 prime?
True
Is 119312771 composite?
False
Is 681191911 a prime number?
False
Is 318100297 composite?
False
Is 11350145645 prime?
False
Is 70853281861 prime?
True
Is 148352339 a prime number?
True
Is 40686697165 composite?
True
Is 5012401165 composite?
True
Is 939553561 a prime number?
False
Is 13300180609 a composite number?
True
Is 3549504221 prime?
False
Is 2369974751 composite?
True
Is 166506311 composite?
True
Is 450764591 prime?
True
Is 26715657469 a composite number?
True
Is 103758254381 prime?
True
Is 47352863073 composite?
True
Is 237588909313 a prime number?
False
Is 640194271 a prime number?
True
Is 12997631327 prime?
False
Is 18489998003 composite?
False
Is 53830459 a prime number?
False
Is 4304710013 a composite number?
False
Is 13916212969 a composite number?
False
Is 2687245787 a composite number?
False
Is 2245563421 composite?
False
Is 1221585331 prime?
True
Is 1108526401 a composite number?
True
Is 16584209207 prime?
False
Is 317668837 prime?
False
Is 8591881847 prime?
False
Is 232666477 a composite number?
True
Is 2491107313 prime?
True
Is 2708152339 prime?
True
Is 7763240543 prime?
True
Is 14383011911 a prime number?
True
Is 371799671 prime?
True
Is 65921198933 prime?
False
Is 9589679513 prime?
False
Is 57690638333 prime?
False
Is 25290700501 composite?
True
Is 11116298969 prime?
True
Is 12506178371 composite?
False
Is 6726868997 a prime number?
True
Is 101859533 prime?
False
Is 33995089 prime?
False
Is 14397622717 composite?
False
Is 1395948355 composite?
True
Is 16694066459 composite?
True
Is 7226799037 composite?
False
Is 6952397051 a prime number?
False
Is 120499037 a composite number?
False
Is 57477241 a prime number?
False
Is 970865171 composite?
True
Is 5303472205 a prime number?
False
Is 341276987 a composite number?
False
Is 1631486809 a composite number?
False
Is 2352690253 composite?
False
Is 2679193919 a composite number?
False
Is 969264295 prime?
False
Is 1101276971 a composite number?
True
Is 480950797 a composite number?
True
Is 22422919 a composite 